se 12
12308
What is 201 (base 3) in base 14?
15
What is -25431 (base 7) in base 9?
-10213
What is 150436 (base 7) in base 6?
342231
Convert -625 (base 12) to base 11.
-742
7fe (base 16) to base 13
c15
Convert -7731 (base 11) to base 3.
-111222201
What is 130204 (base 7) in base 4?
11320300
4b0 (base 12) to base 4
23010
Convert -3a57 (base 15) to base 6.
-133401
29160 (base 12) to base 6
1121000
Convert 40657 (base 10) to base 2.
1001111011010001
Convert -9a4 (base 12) to base 7.
-4066
Convert 333 (base 16) to base 10.
819
1355 (base 7) to base 13
31a
Convert 43664 (base 7) to base 8.
25335
dc8 (base 15) to base 5
44423
Convert 11006 (base 7) to base 12.
1712
-39939 (base 12) to base 15
-18686
Convert 21031121 (base 4) to base 13.
14228
What is 14b61 (base 13) in base 9?
58802
What is 3d5 (base 15) in base 12?
60b
What is 93d (base 15) in base 6?
13351
What is 314 (base 15) in base 3?
221201
What is -100001001101100 (base 2) in base 7?
-100401
-1000100110011 (base 2) to base 13
-2009
What is -121000011 (base 3) in base 7?
-46006
What is 804 (base 14) in base 16?
624
-5b7 (base 15) to base 8
-2421
105455 (base 6) to base 7
35225
Convert -70 (base 11) to base 10.
-77
What is -4033 (base 12) in base 6?
-52103
Convert -113 (base 4) to base 8.
-27
1109a (base 11) to base 12
9381
Convert 108 (base 12) to base 10.
152
-23 (base 7) to base 15
-12
134115 (base 6) to base 13
5954
Convert 2306 (base 10) to base 3.
10011102
Convert -2131240 (base 5) to base 8.
-107135
Convert -25356 (base 7) to base 9.
-10170
-12093 (base 14) to base 3
-2020101212
What is -18bb (base 12) in base 10?
-3023
3522 (base 7) to base 15
5b0
-301011 (base 4) to base 12
-1999
-17251 (base 13) to base 9
-66741
Convert -1403 (base 8) to base 3.
-1001120
What is 2101121 (base 3) in base 5?
23434
-135 (base 16) to base 7
-621
Convert -600 (base 11) to base 9.
-886
What is -10111111010 (base 2) in base 15?
-6c0
Convert -213132 (base 5) to base 11.
-552a
What is -609a (base 15) in base 2?
-100111110101011
What is -3140 (base 11) in base 3?
-12201000
80a (base 13) to base 10
1362
46172 (base 8) to base 2
100110001111010
Convert -10000101001 (base 2) to base 16.
-429
Convert 40a2 (base 12) to base 9.
10575
Convert 22d (base 16) to base 4.
20231
Convert -9bd (base 16) to base 4.
-212331
What is -376 (base 8) in base 5?
-2004
Convert 101113221 (base 4) to base 3.
10121121000
Convert -40362 (base 9) to base 10.
-26543
1324 (base 8) to base 14
39a
19294 (base 11) to base 15
7eca
-16c3 (base 15) to base 8
-11454
Convert 12345 (base 6) to base 14.
973
What is 628 (base 15) in base 12?
978
What is -3121 (base 5) in base 3?
-120020
10001100111010 (base 2) to base 3
110101000
Convert -45324 (base 6) to base 4.
-1203310
301021 (base 4) to base 6
22321
-30310 (base 4) to base 13
-4b1
Convert -2f5 (base 16) to base 12.
-531
54c6 (base 14) to base 6
151542
Convert 2dd (base 15) to base 9.
811
What is -1110100010000 (base 2) in base 9?
-11176
What is 2023131 (base 5) in base 15?
9b46
What is 1011200202 (base 3) in base 13?
a694
What is 22571 (base 9) in base 10?
15049
What is 6284 (base 11) in base 5?
231240
Convert -126023 (base 7) to base 2.
-101110010000100
-13474 (base 8) to base 12
-3538
Convert 1003322 (base 5) to base 14.
5c11
What is 43115 (base 11) in base 14?
18bc2
Convert 21333 (base 8) to base 6.
105151
Convert -818 (base 9) to base 2.
-1010011001
-19ef (base 16) to base 5
-203024
What is -787 (base 11) in base 12?
-666
Convert 9a (base 16) to base 11.
130
Convert 287 (base 16) to base 13.
3aa
Convert 110 (base 15) to base 7.
462
-2203112 (base 4) to base 16
-28d6
564 (base 11) to base 10
675
1a2 (base 13) to base 4
10231
What is 119 (base 10) in base 5?
434
-10437 (base 11) to base 6
-154113
-31102 (base 6) to base 10
-4142
-315115 (base 6) to base 2
-110010010010111
Convert 3387 (base 11) to base 16.
1163
13202210 (base 4) to base 11
21227
15643 (base 11) to base 7
121225
Convert 11010010011 (base 2) to base 13.
9c6
Convert 6708 (base 13) to base 6.
150313
What is -1874 (base 14) in base 6?
-32234
What is 16620 (base 7) in base 10?
4767
Convert -639b (base 15) to base 10.
-21071
467 (base 13) to base 12
535
Convert -1274 (base 10) to base 5.
-20044
-4576 (base 13) to base 5
-302410
What is 2142 (base 7) in base 8?
1375
What is -14937 (base 12) in base 6?
-342111
Convert -758 (base 9) to base 13.
-389
-fb9 (base 16) to base 15
-12d5
What is 5734 (base 12) in base 13?
4543
Convert 183 (base 11) to base 13.
134
Convert 2149 (base 11) to base 9.
3801
-24463 (base 9) to base 8
-40043
411 (base 10) to base 11
344
Convert -1f0d (base 16) to base 15.
-254e
Convert -2030 (base 14) to base 4.
-1112122
What is -441 (base 13) in base 2?
-1011011001
-221110122 (base 3) to base 12
-a8b2
Convert 2a6 (base 14) to base 15.
25d
Convert -e6 (base 15) to base 11.
-187
Convert -207 (base 15) to base 9.
-557
Convert 321 (base 10) to base 9.
386
What is -44273 (base 9) in base 6?
-344020
What is 1613 (base 8) in base 9?
1217
What is 366 (base 11) in base 13?
276
-35554 (base 6) to base 5
-131212
What is 31333 (base 6) in base 8?
10211
Convert a5d (base 15) to base 6.
14454
6921 (base 10) to base 5
210141
Convert 13533 (base 6) to base 3.
2221110
Convert 101102211 (base 3) to base 11.
5798
What is 1156 (base 16) in base 15?
14ad
What is 150204 (base 6) in base 9?
21584
What is -3f1 (base 16) in base 5?
-13014
What is -1011012221 (base 3) in base 4?
-11203213
-197 (base 13) to base 16
-125
Convert 24441 (base 5) to base 6.
12355
Convert -1245 (base 10) to base 15.
-580
What is -620 (base 8) in base 12?
-294
What is 343 (base 14) in base 9?
788
811 (base 13) to base 9
1777
What is 4616 (base 9) in base 12?
1b89
What is -18a5 (base 15) in base 5?
-132310
Convert 6401 (base 8) to base 5.
101304
Convert 679 (base 10) to base 7.
1660
What is 1a0c (base 15) in base 11?
4265
Convert -b07 (base 12) to base 14.
-819
Convert 11011101 (base 2) to base 7.
434
What is -401 (base 10) in base 6?
-1505
Convert -1103521 (base 6) to base 5.
-3232043
Convert 67a6 (base 13) to base 6.
151045
What is 79af (base 16) in base 8?
74657
Convert 111455 (base 6) to base 11.
7127
10010011110 (base 2) to base 4
102132
Convert -4a22 (base 14) to base 11.
-9818
Convert 231 (base 4) to base 6.
113
281 (base 12) to base 8
601
Convert -1133 (base 7) to base 5.
-3131
-5565 (base 10) to base 13
-26c1
-202222 (base 3) to base 2
-1000110110
1143 (base 7) to base 15
1d3
2596 (base 15) to base 12
4780
10716 (base 9) to base 16
1be7
377 (base 9) to base 8
471
-b13 (base 13) to base 6
-12403
What is 200a (base 14) in base 12?
3222
Convert -21546 (base 11) to base 12.
-16118
What is 2022 (base 5) in base 4?
10012
Convert 1010001000101101 (base 2) to base 8.
121055
What is ea41 (base 16) in base 10?
59969
What is -1203 (base 9) in base 13?
-53a
What is -202211 (base 3) in base 13?
-343
-67 (base 14) to base 10
-91
What is 126a (base 13) in base 7?
10435
Convert 10000101000110 (base 2) to base 15.
27cd
Convert 3030 (base 7) to base 16.
41a
What is 117c (base 14) in base 16?
bea
What is 1643 (base 10) in base 8?
3153
b297 (base 14) to base 3
1120010101
26410 (base 7) to base 4
1232113
Convert 2a5 (base 11) to base 4.
11211
Convert 15111 (base 8) to base 4.
1221021
What is 2882 (base 12) in base 14?
1a02
What is -102144 (base 5) in base 4?
-311200
Convert -1245 (base 8) to base 6.
-3045
What is -12622 (base 11) in base 4?
-10122011
Convert 103422 (base 5) to base 7.
13350
Convert -101010011111000 (base 2) to base 10.
-21752
6 (base 13) to base 14
6
What is 146b (base 13) in base 2?
101110010010
3665 (base 9) to base 15
c22
-2112200202 (base 3) to base 5
-3100303
-2003330 (base 5) to base 16
-7be3
What is -1452 (base 6) in base 14?
-200
-101101 (base 3) to base 4
-10120
-2282 (base 16) to base 2
-10001010000010
-11752 (base 8) to base 10
-5098
-672 (base 9) to base 8
-1047
Convert -11011110010 (base 2) to base 5.
-24103
1010012010 (base 3) to base 16
55f8
What is 10204 (base 13) in base 9?
43574
What is -20201220 (base 3) in base 7?
-20214
Convert -115b (base 13) to base 4.
-212022
What is -10011313 (base 4) in base 5?
-1014014
112220000 (base 3) to base 10
10854
Convert 121210201 (base 3) to base 6.
132414
What is 323441 (base 6) in base 7?
140644
Convert 